alue of (-37 - -1) + 33 + -87 + 29?
-61
Evaluate (-12 + -29 + 38 - 19) + 68.
46
Evaluate (0 - (-2 - 9) - (68 - 3)) + -17.
-71
Evaluate -43 + (-98 - -86) + -6 + 2 + 12.
-47
Calculate -89 + (-7 - (39 + (-19 - 0) + -16)).
-100
1 + -48 + (-1 - 22 - -33 - (-2 - -11))
-46
What is (-310 - -281) + -23 + 5?
-47
Calculate -10 + (131 - (150 - 31)).
2
Calculate (-4 - -19) + (35 - (70 + -88)).
68
What is the value of -44 - (19 + -5 - 34)?
-24
What is the value of 62 - (-40 - (21 - 75))?
48
(-13 - (-47 - -15)) + 4
23
What is (-40 - -31 - (-45 - -3)) + 2 + -15?
20
-137 + 121 - 120 - -123
-13
What is 19 + (-69 - (-61 + -2))?
13
What is (-5 - 7 - -30) + (-58 - -43)?
3
Evaluate -17 - (-59 + 20 - (-2 - -13)).
33
What is -23 + (12 - (-28 + 41 + 19))?
-43
Calculate (3 - ((-14 - -20) + -11)) + 26 + -3 + 1.
32
What is 14 - (-104 + (2 - 3) - (143 + 28 + -174))?
116
What is -6 + 58 + (-1 - (-13 + (17 - -2)))?
45
Calculate 32 + -33 + 9 - -15 - (19 - 0).
4
-28 + (-11 - (-32 + 18)) + (2 - 6 - 2)
-31
8 - (4 + -26 - -22) - 18
-10
What is -1 - (-34 + (-28 - -82) - 80)?
59
-4 - 0 - 3 - ((-14 - 9) + 69)
-53
What is the value of -19 - (-1 + -14 - (-42 - -62 - -45))?
61
Evaluate (1 + 16 - 90 - (11 - 0)) + -3 + 1.
-86
Evaluate (-20 + 14 + 17 + -10 - 4) + -110.
-113
What is the value of -49 - (20 - 139 - 18)?
88
Evaluate 49 + 22 + 32 + -78.
25
Evaluate 75 - 139 - -38 - (-30 + 2).
2
Evaluate -18 + (-31 - -6 - (32 + -50)) + -5.
-30
Evaluate 40 + 18 + 33 - (3 - 11).
99
Evaluate 18 + -22 + 14 + -4 - (-32 - (-2 + -3)).
33
Evaluate 132 + -200 + -56 + 82.
-42
Evaluate 28 + -65 + -31 + 89.
21
What is 0 - -3 - (154 + -130)?
-21
What is the value of (-28 + 11 - (-37 - -32) - 80) + -4?
-96
What is -69 + 72 + (4 - -98)?
105
What is the value of (23 - 2) + -5 + (3 - 10) - 54?
-45
1846 + -1878 + 5 + -4
-31
Evaluate -25 + (-47 - (-84 + 32)) + (-3 - 5).
-28
Evaluate -35 - (-31 + 10) - -46.
32
What is the value of (-1 - 7) + -37 + 78 + (2 - (-11 - 1))?
47
Evaluate -45 + 24 + 21 + -6.
-6
Calculate -23 - (-71 + 160 + -79).
-33
What is -132 + -2 + (2063 - 1991)?
-62
Calculate (37 + 7 - (16 - 38)) + 33.
99
What is the value of -39 - (53 - (-15 + 49)) - (0 + -14)?
-44
What is the value of 1 - (2 + -36 + -11 + 30)?
16
What is (402 - 362) + -9 + -1 + -36?
-6
What is the value of -215 + (-168 - -365) + (1 - (-1 - 5)) + -2?
-13
What is (2 - (-20 + 27 - 27)) + 44?
66
Calculate (7 - (9 + 19 + -12 + -10)) + 21.
22
-2 + ((-7 + -11 - -7) + 47 - 7)
27
60 - -1 - ((87 - 84 - (0 - -17)) + 14)
61
What is the value of -17 - -6 - (-9 + 1 + -3 + 5)?
-5
What is 62 - (-18 + (27 - -45))?
8
What is 40 + -43 + -2 + (-31 - (-3 + 5))?
-38
Calculate -1 + -9 + (42 + -81 - 6).
-55
What is the value of (-1 - (-11 - -1)) + 524 + -548 - 34?
-49
Calculate -7096 - -7096 - (1 + 16 + 4 + -2).
-19
Evaluate (-3 - -21) + -21 - 7 - (1 + 8).
-19
What is (38 - 47) + 14 - (3 + -1 - 13)?
16
What is 4 + (-7 - -2 - (2 + 6 + 10 + -15))?
-4
What is the value of 29 - (-35 - (106 + -100))?
70
Calculate (-38 - 26 - -55) + (-1 - 18).
-28
What is -6 + (-13 - ((3 - 8) + -1)) + -14 + -75?
-102
Evaluate 47 - -32 - (2 - (28 - 2)).
103
What is the value of (-53 + 95 - 76) + 60?
26
-7 - (-40 + (2 - 1 - (37 - 30)))
39
What is (-4 - -1) + (10 + -3 - 1) + -1?
2
What is the value of -30 - (55 + -84 + 38)?
-39
What is (-22 - -46 - -18) + -19 + 11?
34
Calculate (2 + (2 - -1) - 2) + (-246 - -222).
-21
Evaluate (-2 - (9 + 0) - (10 + -10)) + 481 + -517.
-47
What is the value of 83 + (17 - (7 + -22 - -31)) + -4?
80
Calculate 9 - ((5 + 52 - -2) + (1 - (14 - 2))).
-39
Evaluate -16 + 20 + -24 - (3 + 3).
-26
Evaluate 38 - 1 - (36 + -92 - -72) - -58.
79
(-1 - -27) + -82 + -144 + 222
22
Evaluate 127 - (197 - 34 - 55).
19
What is the value of ((-2 - -3) + 0 - 18) + (-3167 - -3173) - -69?
58
What is the value of 48 + -23 + -56 + 90?
59
4 + -2 - 9 - (-29 + 36 - 44)
30
What is 128 - (-76 + 133) - 80?
-9
What is the value of (-41 + 178 - 10) + -84?
43
5 + (28 - -1) + -16 + (35 - -29)
82
What is 50 + (2 + -1 - (-25 - (26 + -44)))?
58
Calculate -26 + 3 - -49 - (20 - (-7 + 15)).
14
What is the value of (-55 - -40) + 14 + (-3 - 31)?
-35
Evaluate -4 + 1 + 1 + -3 + 95 + -12.
78
Evaluate (-177 - (27 + -147)) + -1 + 2 + 12.
-44
Evaluate -1 - 0 - ((-116 - -101) + 42).
-28
What is 34 - (-55 - -72) - 73?
-56
(-15 - 33) + 37 - -74
63
Calculate (3 - -2) + (-17 - -77 - 107).
-42
What is -1 + 23 + 599 + -600 - -19?
40
What is the value of (22 + 6 - 13) + -24 + 2 + 1 + -4?
-10
Evaluate (10 - 8) + (-1 - 0 - (-84 + 76)).
9
Calculate 2 + -10 - ((232 - 312) + 4 + 1).
67
-94 + (-8 - (-12 + -16 + 3 + -46 + 50))
-81
What is 21 + -6 - (-19 - (-6 - -2 - (8 - 0)))?
22
What is the value of (-249 - -72 - -21) + 113?
-43
Calculate 37 - (48 - -62) - -12.
-61
(11 - 8 - -14) + 42 + -21
38
Calculate 86 - 89 - (-2 - 1 - 4 - -4).
0
What is 14 + -121 + 28 - -73?
-6
What is the value of -99 - (13 + -4) - (-274 + 282)?
-116
Evaluate (-2 - -27) + 2 - (21 - 25).
31
Evaluate -13 - (45 - (-21 - (-44 - -18))).
-53
Calculate (-6 - -58) + -83 - (-20 + 1).
-12
Evaluate 6 + -3 - (38 + -36 - (7 - -1)).
9
What is the value of 1 + -65 - (-76 + 46)?
-34
-127 + 121 - (0 + 0 + -5 + -28)
27
What is the value of -24 - (41 + -151 - 5) - -39?
130
Evaluate 248 + -202 + (-3 - (9 - (1 - 2))).
33
Evaluate -67 + 90 + (-8 - 1) + 1 + -12.
3
Evaluate (-17 - -12) + -3 - (16 - -1 - (3 + -7)).
-29
What is 138 + (59 - -79 - 293)?
-17
Evaluate -27 + (-47 - (-72 + 70)).
-72
What is the value of (5 + -5 - 2 - (0 - -9)) + (20 - 1)?
8
-42 + -26 + -112 - -77
-103
Evaluate (-3 + 2 - (29 - 32)) + (-36 - 7) + -7.
-48
What is the value of -4 + 142 + -77 - 15?
46
39 + -90 + 2 + 76
27
What is 12 + (18 - (4 + 29) - -8)?
5
3 - (-35 + -19 - -23) - -23
57
What is -3 + (0 + 15 - (-25 + 37 - 1)) + 0?
1
What is 63 + (-2 - -4) - (-4473 + 4470)?
68
What is -11 + (-14 + 5 - ((-7 - -1) + 12))?
-26
What is the value of (31 - (-8 - -23)) + -10 - (-49 + -9 + 5)?
59
1 + (1 - 9) - (3 - 9 - -29 - 90)
60
What is the value of 1 - (70 + 0) - (2173 + -2183) - (1 + -3)?
-57
Evaluate 91 - (33 + 172 + -42).
-72
What is the value of -1 + -13 + 17 + 59 + -61 + (-1 - -75)?
75
Calculate (6471 - 6361) + (0 - 68).
42
Calculate 89 - (44 - (36 - 39)).
42
(-157 - -149) + (3 - (3 - 5)) - 2
-5
What is the value of 469 + -483 + (1 - (-8 + 1)) + -60?
-66
Evaluate -50 + 0 - (-9 - (-10 + -10) - (-15 + 27)).
-49
Calculate (46 - -1 - 3) + -37 + (-39 - -66).
34
What is (17 + -10 - -1 - 22) + 13 + 0 + 63?
62
Evaluate -103 + 59 + 15 - 32.
-61
Calculate -10 + 2 - 40 - (13 + 7).
-68
(-155 - -23) + 53 + 48
-31
What is 0 + -2 + -4 - (-129 + 40)?
83
What is the value of 43 + 17 + -90 - -30?
0
Calculate 317 + -269 - (-38 - 1).
87
Calculate -12 + (-8 - ((-103 - -101) + (-17 - -2))).
-3
What is (-5 - -11 - -13) + -63 + 77?
33
Calculate -1 + 6 + 7 + (-2 - -2 - -6) + -3.
15
-1168 + 1174 + -27 + 2
-19
What is 61 + (2 + 25 - 60) + -42?
-14
Calculate 14 + -1 - (-6 + (33 - 6) - 17).
9
Calculate -34 + 10 + 2 + (6 - 17).
-33
What is -30 + 63 - 16 - 16 - 46?
-45
What is (-4 - -47) + (-49 + -9 - -39)?
24
What is (32 - 10) + (5 - -64) + -7?
84
Evaluate 27 + 36 + (-13 - -16) + -32.
34
-69 - (-15 - (11 + -38)) - (2 + 7)
-90
(56 - (3 + 5)) + 40 + -51
37
0 + 18 - ((-11 - (18 + -39)) + -16)
24
(-55 - -26) + -8 + (9 - (9 + -9))
-28
What is the value of 317 + -291 - ((101 - 3) + -4)?
-68
What is (-1 - (14 + -6)) + (-4 - -12) + -44?
-45
Calculate -17 + 1 + 24 + -11.
-3
What is -69 - (-102 + (108 - 81))?
6
Calculate (228 - 114) + 2 + -61.
55
What is the value of (50 - 0) + 107 + -184?
-27
Calculate 77 + (4 - (2 - 7 - (3 + -7)) - 12).
70
What is (-6 + -3 - -23) + -19 + 3 + (0 - -20)?
18
Evaluate -7424 - -7448 - (1 + 98).
-75
What is the value of -160 + 53 + -2 - (2 - 32)?
-79
What is the value of (84 - (-67 + 137)) + (56 - 3) + -1?
66
-126 + 59 + 66 + (-3 - (2 - 16))
10
Calculate 2 + (34 + (17 - 10) - (4 - 0)).
39
7 + -1 + (61 + -138 - -60) - -6
-5
Evaluate 1 + (19 - 1) - ((2553 - 2503) + (1 - 61)).
29
Evaluate -20 + 16 + 0 + 5 + 3 + (0 - -3).
7
Evaluate 25 - (-19 + (-15 - -61)) - (-47 + 1).
44
Calculate 817 + -815 + (3 - 27).
-22
What is -3 + (-1 - 57) + -5 - ((9 - 3) + -13)?
-59
Evaluate -42 - (-20 + 8 + -1 + (13 - -3)).
-45
Evaluate -38 - (-107 - (17 - -7 - 2)).
91
17 - (-4 + 7) - (11 + -4 + -43)
50
Calculate 3 - -89 - (